-14. Suppose -2*d = -r - 36, 5*r - s = -d - 0*r. Suppose -d = -0*j - 3*j. What is the units digit of j?
6
Let h = -163 - -299. Suppose -5*o + h + 19 = 0. What is the units digit of o?
1
Let z(n) = n - 4. Let k be z(7). Suppose k*w - 5*x = 70, -2*x = -3*w + 85 - 3. Suppose 2*q = -3*q + w. What is the units digit of q?
6
Let h = -119 + 221. What is the tens digit of h?
0
What is the tens digit of (-6)/4 + (-153)/(-6)?
2
Let d be (2/(-6))/((-3)/72). What is the tens digit of (-3)/(-1) + d/1?
1
Let z(v) = v**2 + 6*v - 6. Suppose 3*a = -2 - 1, 5*a = 3*r + 22. What is the tens digit of z(r)?
2
Let m(w) = -w**2 - 9*w - 20. Let x be m(-8). What is the units digit of (-14)/x + (-2)/12?
1
Let r = -29 - -18. Let l be (-225)/(-33) + (-2)/r. Let p = l + -4. What is the units digit of p?
3
Let p = -6 + 23. Suppose 10 + p = 3*z. What is the units digit of z?
9
Let n(u) = u**2 - 4*u - 3. Suppose t = 4*l + 23, 2 = -5*l - 18. Suppose -2*w - t + 17 = 0. What is the units digit of n(w)?
2
Let r = 165 - 97. What is the units digit of r?
8
Suppose -5*r = -r - 8. Suppose y + r = 11. What is the units digit of y?
9
Suppose -5 = -2*s - 1. Suppose -3*t + 36 = -s*t. What is the units digit of t?
6
Let p = -1 + -2. What is the tens digit of (p - -19)*(0 - -2)?
3
Let s = -181 + 298. What is the units digit of s?
7
Let j = 44 - -55. What is the units digit of j?
9
Let q(l) = -l + 55. What is the units digit of q(0)?
5
Let h be ((-36)/14)/((-6)/42). Let q = h + -9. What is the units digit of q?
9
Suppose 8*q - 484 = 388. What is the units digit of q?
9
Suppose -27*t = -23*t - 268. What is the tens digit of t?
6
Let y be (-2)/3*(-78)/4. Let w = -31 + y. Let d = -6 - w. What is the units digit of d?
2
Let f = 0 + 0. Suppose f*l = l - 45. Suppose k = -2*k + l. What is the tens digit of k?
1
Suppose 1 = -4*w + 5. Suppose -3*u + 18 = -5*u + 4*q, u - q = -6. Let t = w - u. What is the units digit of t?
4
Let b be (-9)/(3 - 9/6). Let m be 17/5 + 4/(-10). What is the units digit of (-1)/m + (-8)/b?
1
Let q = -13 + 9. What is the units digit of (-1 + q)/(1/(-1))?
5
Suppose l = -4*x + 1, 5*x - 2*x + 9 = 0. What is the units digit of l?
3
Suppose q + m = 13, -2*m - 7 = q - 5*m. Let j be -3*((-6)/(-9) + 0). What is the units digit of 6/(22/q + j)?
8
What is the units digit of (-29 + 5/1)*-5?
0
Suppose f + 24 = 3*r - 4*f, -5*r = -4*f - 40. Let q = 7 - r. Let h(s) = -s**3 + s + 1. What is the units digit of h(q)?
1
Suppose 4*o = 32 + 8. Suppose 71 = 5*f + d, -2*f - 3*d = -8 - o. What is the units digit of f?
5
Let r be (-180)/(-8) + (-2)/4. Suppose -f - f = -r. What is the units digit of f?
1
Suppose 4*l + 2*a - 2 = 0, 2*l = -2*l - 3*a - 1. What is the tens digit of ((-43)/(-3))/(l/6)?
4
Suppose c = -4*c + 50. Let q(l) = -l**3 + 10*l**2 - l + 7. Let k be q(c). Let j = 13 + k. What is the tens digit of j?
1
What is the tens digit of 20/(0 - 3/(-6))?
4
Suppose 0 = 4*i + i - 315. What is the tens digit of i?
6
Suppose 2*a + 5 + 5 = -2*q, 0 = 2*a - 5*q - 18. What is the units digit of a/((-22)/(-23) - 1)?
3
Suppose 2 - 23 = -3*y. Suppose -3*z + 5 = -y. Suppose -z*i + 52 = -3*q + q, -2*i + 14 = 2*q. What is the tens digit of i?
1
Suppose -2*n - 167 = -5*u + 71, 3 = 3*n. What is the tens digit of u?
4
Let v(p) = p + 8. Let o be v(0). Let y be (-12)/o - (-1)/(-2). What is the units digit of 13/2 - 1/y?
7
Suppose -4*y = 5*m + y, 5*m = 2*y - 28. Let p = 7 + m. Suppose -p*u - 12 = -5*u. What is the units digit of u?
6
Suppose -5*z = -k - k - 13, -3*k - 15 = -3*z. What is the units digit of z/((1 - 1) + 1)?
1
Let j = 46 + -23. Let u be ((j - -2)*1)/1. Suppose 0 = 3*p - 3*q - 5 - u, p = 5*q + 2. What is the tens digit of p?
1
Let w(r) = -r**3 + 3*r**2 + 2*r - 1. Let h be w(3). Let f = 14 - h. Suppose p + 2 = f. What is the units digit of p?
7
Let j = 27 + 9. What is the tens digit of j?
3
Let k(y) = 2*y**3 - 4*y**2 + 8*y + 2. What is the units digit of k(4)?
8
Suppose 232 = 3*m - 5*q - 84, q = 3*m - 296. Suppose -3*w = -0*t - 5*t - m, -21 = -w - 4*t. What is the units digit of w?
9
Let n = -1 - -5. Suppose 5*f - 13 = 2*l, -n*l = -l - 5*f + 12. What is the units digit of l?
1
Let w be (-1)/2 + 21/2. Suppose 2*z + x + 4 = 0, -x - 20 = 3*z + 4*x. Suppose z = -y + w. What is the tens digit of y?
1
Suppose -3*p = 4*x + 33, -4*x - 3*p - 39 = 2*p. Let b be (7 + 1)*(-3)/x. Let n(i) = 2*i - 5. What is the units digit of n(b)?
3
Let h = 993 - 637. What is the tens digit of h?
5
Let q(n) = -10*n**3 - n. Let r be q(1). Let k = -9 - r. Suppose k*w + v - 6*v = 36, 0 = v + 4. What is the units digit of w?
8
Let u = -17 + 33. Suppose 4*s - u = 4*x, x = -x + 8. What is the units digit of -2*1 + 2 + s?
8
What is the units digit of (-130)/(-30) + 2/(-6)?
4
Let p(h) = -h**3 + 7*h**2 - 5*h - 2. Let l be p(6). Suppose w = -l*w + 150. What is the units digit of w?
0
Let g = 276 + -113. What is the hundreds digit of g?
1
Let j(x) = 0 + 0 - 3 + 5*x - 4 + x**2. Let i be j(-6). Let n = 2 - i. What is the units digit of n?
3
Let k = -17 - -32. What is the units digit of k?
5
Suppose -5*z - d + 30 = 0, z + 8 = -d - 2*d. What is the units digit of z?
7
What is the tens digit of 1988/35 - (-4)/20?
5
Suppose -2*b - 10 = -38. Suppose 1 = -2*x - 5. Let d = x + b. What is the tens digit of d?
1
Suppose 2*k - 13 = -q, -q + 8 = k - 0*k. Suppose -z = 4*u - 17, -k*u + 5 + 20 = 5*z. What is the units digit of -3*3/((-18)/u)?
2
Let m(y) = 6 + y**2 - 4 - 4. Let v be m(2). What is the units digit of 4 + 1 + v/2?
6
Let g(x) = -202*x - 13. What is the hundreds digit of g(-1)?
1
Let d = 6 - 3. Suppose -2*i + 5*p + 29 = 0, -d*p + 1 = 4. What is the tens digit of i?
1
Suppose 0 = -0*a + 6*a - 1662. What is the tens digit of a?
7
Let d = -63 - -155. What is the tens digit of d?
9
Suppose 0 = 4*i - 5*i + 34. What is the units digit of i?
4
Suppose 3*k - j = 71 - 24, 3*j + 22 = 2*k. What is the units digit of k?
7
Let t = 43 - -9. Suppose s - 5*s + t = 0. What is the units digit of s?
3
Suppose -4 = -3*z + z. Suppose z*w - 2 - 2 = 0. What is the units digit of w?
2
What is the units digit of (356/8 + 1)*2?
1
Let x(f) = f**2 - 4*f - 13. Let t(b) = -b. Let l(a) = -4*t(a) - x(a). What is the units digit of l(9)?
4
Let d(w) = w**2 - w + 12. Let o be d(0). What is the units digit of 3/o - 150/(-8)?
9
Let n = -5 + 10. Let y = n - 4. What is the units digit of y?
1
Suppose 0 = -t - t - 56. Let a = t + 45. What is the tens digit of a?
1
Suppose 2*x + 1078 = 9*x. What is the units digit of x?
4
Let p be (0 + (-2 - -3))*-1. What is the units digit of p/((-356)/(-120) + -3)?
0
Suppose -c = -n - 2, -2*n + c - 2 - 3 = 0. Let l be n/((-5)/(-2) - 1). Let d = l + 3. What is the units digit of d?
1
Let d = 1 + 0. Let z be (2/4)/(d/(-12)). Let y(b) = -b - 2. What is the units digit of y(z)?
4
Let j = 36 + 7. What is the tens digit of j?
4
Suppose 0 = -3*m + m + 8. Let d be -3 + (2 + -3)*-3. Suppose 3*b = 2*p, d*p - 5*b + 44 = m*p. What is the units digit of p?
6
Let t(c) = 5*c**2 - 2*c + 1. Let h be t(2). Suppose -3*o + h + 7 = 0. What is the units digit of o?
8
Let c = -39 + 28. Let d = 35 + c. Let z = -16 + d. What is the units digit of z?
8
Suppose -3*z + 47 = -5*k, k = 4*z - 11 - 29. What is the units digit of z?
9
Let z be (-4 - 0)*6/(-8). Suppose 5*k + 7 = 2*s, z*k = 7*s - 3*s - 21. What is the units digit of s?
6
Let x = 156 + 94. What is the units digit of x?
0
Suppose 250 - 847 = -5*y + 4*q, 4*q - 8 = 0. What is the tens digit of y?
2
Let x(b) = -b**3 - 2*b**2 + 3. Let q(c) = -c**3 + 5*c**2 - 3. Let g be q(5). What is the tens digit of x(g)?
1
Let i(p) = -p**3 - p**2 - 1. Let m be i(0). What is the units digit of (-18)/m*(-3)/(-6)?
9
Suppose 3*g = 7*g - 424. What is the units digit of g?
6
Let d be (-4)/14 + 4/14. Suppose 4*q + 0*c = -2*c + 26, -3*q = 4*c - 32. Suppose -y = -o - 6*y + 25, -5*o + q*y + 9 = d. What is the units digit of o?
5
Let z(m) = 2*m - 5. What is the tens digit of z(8)?
1
What is the units digit of -5 - (-7)/(7/388)?
3
Suppose 12*z = 6*z + 450. What is the tens digit of z?
7
What is the hundreds digit of 126 + 0*(-5)/(-20)?
1
What is the tens digit of (-2 + 1)*-47 - -1?
4
Let b = 151 + -49. What is the tens digit of b?
0
Let f = -7 - -10. Let t = 2 + -3. What is the units digit of f - 2/(-1)*t?
1
Let a(v) = -2*v**3 + 3*v**2 - v. Let